e the highest common factor of u and w.
5
Let l = -70 - -76. What is the greatest common divisor of l and 4?
2
Let p be 15/(-45)*(0/1 + -135). Calculate the highest common factor of 30 and p.
15
Let d = 25 + 14. Calculate the highest common divisor of d and 26.
13
Suppose 0 = -o + 2*o + 205. Let s = 371 + o. Suppose -5*l = -s - 134. Calculate the greatest common divisor of 15 and l.
15
Suppose 0 = 2*p + 3*t - 81, 4*p = 3*p - 4*t + 33. Let c = 98 - 68. Calculate the highest common factor of c and p.
15
Suppose -3*h + 0*b + 4*b = -13, 0 = -2*h + 4*b + 2. Calculate the highest common divisor of 11 and h.
11
Let z(n) = 19 - n**2 - 4*n + 2*n - 4*n. Let l be z(-8). Calculate the highest common divisor of l and 15.
3
Suppose 3*k = -2*f + 381, 3*f - 384 = 2*k - 5*k. Calculate the highest common factor of k and 25.
25
Let j = -3 + 25. Calculate the greatest common factor of j and 55.
11
Let q be (-6)/3 + 9 + 2. What is the highest common divisor of q and 9?
9
Let s(a) = -2*a**3 - 4*a**2 - a + 2. Let v be s(-2). Suppose 5*p - 75 = 5*d, -2*d + 6 = -v*d. What is the greatest common divisor of 132 and p?
12
Let r be (-2 - (-1 + 0)) + 91. Suppose -4*a + a = -r. What is the greatest common divisor of 15 and a?
15
Let q be 0/((-6)/2 + 2). Suppose 5 = -c, -4*s - 3*c + q*c = -49. Calculate the highest common factor of s and 144.
16
Let w(m) = -7*m. Let z be w(-9). Let c = z + -45. Suppose -2*i + t - 1 + 10 = 0, 4*i - 21 = t. Calculate the highest common divisor of i and c.
6
Suppose 0 = -j - j + 8. Suppose -i = -2*i - 2*x + 14, 4*x = -i + j. What is the highest common factor of 60 and i?
12
Let k = -3 + 4. Let u be k*(-68 + 0)/(-4). Calculate the greatest common factor of u and 153.
17
Suppose -2*w - 3 = 1. Let f be w/(((-12)/315)/2). Calculate the highest common factor of 21 and f.
21
Let f(r) = -4*r + 4. Let n be f(-2). What is the greatest common divisor of 3 and n?
3
Let v(o) = -7*o - 24. Let u be v(-6). Let k = 83 - 38. Calculate the highest common factor of u and k.
9
Let s be (-2)/(4/(-114)) - (2 + -1). What is the greatest common factor of s and 8?
8
Suppose -5*v - 7 = 2*j + 4, 0 = -2*v - 2. Let b = 3 + j. Suppose b = -n + 4 + 50. What is the highest common factor of 6 and n?
6
Let y be 4/(63/15 - 4). Calculate the greatest common divisor of y and 160.
20
Suppose 0 = n - h - 119, n - 4*h + 0*h = 104. Let d = -59 + n. What is the highest common factor of 13 and d?
13
Suppose 0 = 2*k + 2*q - 0*q - 58, -4*k + 4*q = -76. What is the highest common factor of k and 264?
24
Suppose 5*y - 120 = -5. Let q = 12 - y. Let b = q + 50. Calculate the highest common divisor of b and 26.
13
Let q(f) = -f**3 - 17*f**2 - 4*f + 6. Let s be q(-7). Let v = -313 - s. Let m = v + -93. What is the greatest common divisor of 10 and m?
10
Suppose -r - 93 = -5*k + 98, -2*k + 73 = 3*r. Let m be 3/(-2 + 79/k). Suppose 2*g - 4*g = -m. What is the highest common divisor of g and 57?
19
Suppose -5*j + 299 = x, -4*j - 2*x = x - 237. Let m = -31 + 64. Suppose 5*s + m = 93. What is the highest common divisor of j and s?
12
Suppose 3*j + 3 = -0*j, -j - 43 = -3*n. What is the highest common divisor of n and 56?
14
Suppose -3*x + 3 = -6. Let n = -1 + x. Let h be 20 - (-1 - 1 - 0). What is the highest common factor of h and n?
2
Let l = 302 - 167. Suppose -l = -3*n + 195. What is the highest common divisor of 10 and n?
10
Suppose 3*a - b = 58, 0*a - 4*a = -2*b - 76. Calculate the greatest common divisor of a and 140.
20
Let m be (-54)/9*2/(-4). What is the greatest common divisor of m and 12?
3
Let h(c) = -c**2 + 5*c + 1. Let d be h(4). Suppose -5*k = -3*k - 3*b - 29, -b = 3*k - 27. Calculate the greatest common divisor of d and k.
5
Let j(r) = -r**3 - 11*r**2 + 3. Let p be j(-11). Calculate the highest common factor of p and 9.
3
Let u = -2 - -6. Suppose -4*r = -4*f - 8, 5*f - 2 = 2*r - 0*f. Calculate the greatest common factor of r and u.
4
Suppose 0 = 3*w - 5*z + 14, -2*w - 2*z = -3*z + 14. Let a be 206/14 - w/28. What is the highest common factor of 6 and a?
3
Let x be (0 - -1)/(15/240). Calculate the greatest common divisor of 128 and x.
16
Let l = -43 + 98. Calculate the greatest common factor of 11 and l.
11
Suppose 16 + 12 = c. Calculate the highest common factor of c and 7.
7
Let w = 212 - 178. Calculate the highest common factor of w and 119.
17
Let a = 2 - 8. Let k be (27/6)/(a/(-12)). What is the greatest common divisor of k and 9?
9
Let w(d) = -d**3 + 7*d**2 - 5*d - 2. Let n be w(6). Suppose n = 5*x - 6. Let s be (-2 - -1*4) + 2. What is the highest common factor of x and s?
2
Let n = 449 + -289. Calculate the greatest common divisor of n and 20.
20
Let a be (-4)/2 + (9 - 1). Suppose -3*b = 2*q - 6*b + 3, q - 18 = -5*b. What is the greatest common divisor of q and a?
3
Let p be 0/2 - (4 + -4). Suppose 5*k = -y - 4*y + 720, p = y - 1. What is the highest common divisor of k and 13?
13
Let a(s) = s**2 - 6*s + 1. Let o be a(6). Let h = o - -2. Suppose -26 = -2*z + 5*j, -2*z + 6 = -4*z - 3*j. Calculate the greatest common divisor of h and z.
3
Let i be (-348)/4*(-1)/3. Suppose 11*a - 435 = 8*a. What is the greatest common factor of i and a?
29
Suppose -2*q - q = -2*j + 368, -2*q - 232 = 2*j. Let d be (3/(-6))/(2/q). What is the greatest common divisor of d and 10?
10
Let j = -142 - -151. Calculate the greatest common divisor of j and 261.
9
Suppose -2*o - 5*q + 11 = 0, 7*q + 20 = 2*o + 3*q. Let x(s) = s**2 + s + 2. Let w be x(-2). Calculate the greatest common factor of o and w.
4
Suppose 0 = -5*j + 2*l + 11, -2*l = j + 7 - 2. What is the greatest common divisor of j and 9?
1
Let l = -2 + 145. Calculate the highest common divisor of 13 and l.
13
Suppose -3*v + 66 = -2*v. Suppose -5*w + 56 = -w - 4*p, 0 = w + 5*p + 4. Calculate the greatest common divisor of w and v.
11
Let k(i) = 2*i**3 + 12*i**2 - 8*i - 3. Let s(t) = -t**2 + 4*t - 6. Let v be s(4). Let g be k(v). Calculate the highest common factor of 5 and g.
5
Let i be (4/10)/(2/5). Let p be -1*(-2 - (i + 21)). What is the highest common factor of 12 and p?
12
Let l = 1 - 6. Let m = l + 10. What is the greatest common factor of m and 5?
5
Suppose -5*c = 5*j - 95, -33 = -2*c + 6*j - 3*j. Let h = -10 + 10. Suppose 3*i - 4*i + c = h. What is the highest common divisor of 12 and i?
6
Let u = 258 + -141. Calculate the highest common divisor of 13 and u.
13
Let x = 52 + -23. What is the greatest common divisor of 203 and x?
29
Let h be (-840)/(-36)*(-6)/5. Let b = 52 + h. What is the highest common factor of b and 8?
8
Suppose -2*t - 2*r = -116, t - 2*r - 184 = -2*t. Suppose 6*p = p + t. Let h be (-1)/(-2) + 71/2. What is the greatest common factor of p and h?
12
Let t be 2/(-7) + 174*10/14. What is the highest common factor of 31 and t?
31
Let f = -1 - -1. Suppose 0 = -f*c - 2*c + 48. What is the highest common factor of 6 and c?
6
Suppose -2*w + 6*w = 0. Suppose w*m = -2*m. Suppose -b - b + 160 = m. What is the greatest common factor of 16 and b?
16
Suppose -8*j + 5*j = 42. Let g be (-10)/(-35) + (-94)/j. Calculate the highest common factor of 21 and g.
7
Suppose -4*g + 60 = r, 3 = -g + 5*r + 18. Let m = g + -40. Let c = m - -41. What is the greatest common divisor of 80 and c?
16
Let v = 15 - 11. Suppose v*f + m - 69 = 0, -5*m + 21 = 2*f - 0*m. What is the highest common divisor of f and 9?
9
Let r(p) = p - 5. Let t be r(9). Suppose -4*n = t*w - 76, n - 5*w + 11 = -0*n. What is the highest common divisor of n and 56?
14
Let l be (4/(-2))/2 - -37. Let n(r) = -2*r**2 + 26*r**2 + 1 + r + 0. Let s be n(-1). What is the greatest common factor of s and l?
12
Suppose 2*w - 6*w = -108. Let l = -12 + w. What is the greatest common divisor of 15 and l?
15
Let l(m) = -6 + 1 + 3 - 4*m**2 + 3*m - 11*m + m**3. Let o be l(6). Calculate the greatest common factor of 11 and o.
11
Let c = -4 + 0. Let g be 10/25 + c/10. Suppose g*f - 2 = f, -w - 6 = 5*f. What is the greatest common factor of 36 and w?
4
Let o(w) = -1 + w + 7 + 3. Suppose 0 = 2*r, 5*h + 0*r = -3*r + 45. Let n be o(h). What is the highest common factor of n and 36?
18
Suppose 21 + 6 = -3*y. Let l(n) = n**3 + 12*n**2 + 10*n - 9. Let z be l(y). What is the greatest common divisor of 16 and z?
16
Suppose 44 = 5*f + d, -f - 2*f + 44 = 5*d. Suppose -2*s - m + 15 = 0, -3*s + 2*m + 3 = -9.